{"id":15,"date":"2023-09-29T11:28:32","date_gmt":"2023-09-29T11:28:32","guid":{"rendered":"https:\/\/meettheangles.de\/?page_id=15"},"modified":"2024-01-18T09:36:12","modified_gmt":"2024-01-18T09:36:12","slug":"die-einzig-wahre-leere","status":"publish","type":"page","link":"https:\/\/meettheangles.de\/?page_id=15","title":{"rendered":"Die einzig wahre Leehre"},"content":{"rendered":"\n<p> <style type=\"text\/css\">p { line-height: 115%; margin-bottom: 0.25cm; background: transparent }<\/style><\/p>\n\n\n\n<p>Hallo&nbsp;<\/p>\n\n\n\n<p>sch\u00f6n das du da bist .\u00a0Du lie\u00dft dieseZeilen und wir sind durch sie miteinander verbunden. \u00a0<\/p>\n\n\n\n<p>Unsere Verbindung geht zugleich noch dar\u00fcber hinaus.&nbsp;<\/p>\n\n\n\n<p>Wie ich darauf komme davon handelt dieser Text.<\/p>\n\n\n\n<p>Wenn du diesen Text lie\u00dft dann lie\u00dft du nicht einfach Text sondern er taucht in deinem \u201eKopf\u201c auf und eine \u201eStimme\u201c \u201esagt\u201c :&nbsp;<\/p>\n\n\n\n<p>\u201e\u2026 und eine \u201eStimme\u201c \u201esagt\u201c.&nbsp;<\/p>\n\n\n\n<p>ist es nicht so ?&nbsp;<\/p>\n\n\n\n<p>Jetzt vielleicht \u201e&#8230;\u201c \u201ep\u00fcnktchen, p\u00fcnktchen, p\u00fcnktchen\u201c. <\/p>\n\n\n\n<p>Ich m\u00f6chte dich einladen dir bewu\u00dft diesen&nbsp;<\/p>\n\n\n\n<p>bemerkenswerte Prozess zu vergegenw\u00e4rtigen.&nbsp;<\/p>\n\n\n\n<p><\/p>\n\n\n\n<p>Ich fasse nochmal zusammen :&nbsp;<\/p>\n\n\n\n<p>Unser K\u00f6rper hat diesen Text vor Augen .&nbsp;<\/p>\n\n\n\n<p>Durch unsere Augen k\u00f6nnen wir ihn wahrnehmen. Die Worte gelangen in unseren Kopf , klingen dort nach und werden dort interpretiert .&nbsp;<\/p>\n\n\n\n<p>Und all das kann beobachtet werden. Sprich es besteht eine Distanz zwischen uns und dem Beobachtbaren .\u00a0<\/p>\n\n\n\n<p>Wir beobachtet von dort den K\u00f6rper , dessen Sinne wahrnehmen&nbsp;&nbsp;, wir beobachtet von dort den Verstand , der Buchstaben und Laute interpretiert.&nbsp;<\/p>\n\n\n\n<p>Nun m\u00f6chte ich dich einladen diesen Ort in uns , der wir sind , weiter zu erforschen .&nbsp;<\/p>\n\n\n\n<p>Zu erfahren wie es da ist und was da ist .&nbsp;<\/p>\n\n\n\n<p>Wenn wir jegliche k\u00f6rperlichen Empfindungen , Wahrnehmungen , Impulse , jegliche Gedanken und Vorstellungen beobachten , nicht weiter beachten , sie kommen und gehen sehen , bleibt etwas .&nbsp;<\/p>\n\n\n\n<p>Wir sp\u00fcren : wir sind , wir existieren .&nbsp;<\/p>\n\n\n\n<p>Und dieses Sein , diese Existenz kommt und geht nicht .&nbsp;<\/p>\n\n\n\n<p>Dieses sp\u00fcren des Seins ist nicht gebunden an k\u00f6rperliche Empfindungen , denn diese kommen und gehn . Das Sein bleibt unbewegt .&nbsp;<\/p>\n\n\n\n<p>Dieses sp\u00fcren des Seins ist nicht gebunden an Gedanken oder Vorstellungen , denn diese kommen und gehn . Das Sein bleibt unbewegt .&nbsp;<\/p>\n\n\n\n<p>Ist es nicht so ?&nbsp;<\/p>\n\n\n\n<p>kannst du es sp\u00fcren ?&nbsp;<\/p>\n\n\n\n<p>Leere .&nbsp;<\/p>\n\n\n\n<p>Frieden .&nbsp;<\/p>\n\n\n\n<p>Wir sind .&nbsp;<\/p>\n\n\n\n<p>Hier .&nbsp;<\/p>\n\n\n\n<p>Jetzt .&nbsp;<\/p>\n\n\n\n<p>DIE EINZIG WAHRE LEEHRE&nbsp;\ud83c\udf08<\/p>\n\n\n\n<p><\/p>\n\n\n\n<p><\/p>\n\n\n\n<p><\/p>\n","protected":false},"excerpt":{"rendered":"<p>Hallo&nbsp; sch\u00f6n das du da bist .\u00a0Du lie\u00dft dieseZeilen und wir sind durch sie miteinander verbunden. \u00a0 Unsere Verbindung geht zugleich noch dar\u00fcber hinaus.&nbsp; Wie ich darauf komme davon handelt dieser Text. Wenn du diesen Text lie\u00dft dann lie\u00dft du nicht einfach Text sondern er taucht in deinem \u201eKopf\u201c auf und eine \u201eStimme\u201c \u201esagt\u201c :&nbsp; [&hellip;]<\/p>\n","protected":false},"author":1,"featured_media":0,"parent":0,"menu_order":0,"comment_status":"closed","ping_status":"closed","template":"","meta":{"footnotes":""},"class_list":["post-15","page","type-page","status-publish","hentry"],"_links":{"self":[{"href":"https:\/\/meettheangles.de\/index.php?rest_route=\/wp\/v2\/pages\/15","targetHints":{"allow":["GET"]}}],"collection":[{"href":"https:\/\/meettheangles.de\/index.php?rest_route=\/wp\/v2\/pages"}],"about":[{"href":"https:\/\/meettheangles.de\/index.php?rest_route=\/wp\/v2\/types\/page"}],"author":[{"embeddable":true,"href":"https:\/\/meettheangles.de\/index.php?rest_route=\/wp\/v2\/users\/1"}],"replies":[{"embeddable":true,"href":"https:\/\/meettheangles.de\/index.php?rest_route=%2Fwp%2Fv2%2Fcomments&post=15"}],"version-history":[{"count":7,"href":"https:\/\/meettheangles.de\/index.php?rest_route=\/wp\/v2\/pages\/15\/revisions"}],"predecessor-version":[{"id":40,"href":"https:\/\/meettheangles.de\/index.php?rest_route=\/wp\/v2\/pages\/15\/revisions\/40"}],"wp:attachment":[{"href":"https:\/\/meettheangles.de\/index.php?rest_route=%2Fwp%2Fv2%2Fmedia&parent=15"}],"curies":[{"name":"wp","href":"https:\/\/api.w.org\/{rel}","templated":true}]}}